319657?
367
Calculate the greatest common factor of 67 and 38659.
67
Calculate the greatest common divisor of 912 and 239628.
228
Calculate the greatest common factor of 3 and 479958.
3
What is the greatest common divisor of 1990 and 110843?
199
What is the highest common factor of 1926 and 2502?
18
Calculate the highest common divisor of 1220196 and 276.
276
Calculate the highest common factor of 666 and 88208.
74
What is the highest common factor of 3346 and 3090031?
1673
Calculate the greatest common factor of 6644 and 4851.
11
What is the highest common divisor of 103338 and 12?
6
What is the greatest common divisor of 737868 and 459?
51
Calculate the highest common divisor of 161588 and 4872.
812
What is the highest common factor of 104 and 99502?
26
Calculate the greatest common factor of 76648 and 528.
88
What is the greatest common factor of 155908 and 4?
4
What is the highest common factor of 32800 and 128?
32
What is the greatest common divisor of 124483 and 2658?
443
What is the greatest common divisor of 3287804 and 138?
46
Calculate the highest common factor of 251428 and 16252.
956
What is the highest common factor of 715 and 1705?
55
Calculate the highest common divisor of 35 and 929047.
7
What is the greatest common divisor of 8750 and 850?
50
What is the highest common divisor of 32 and 43672?
8
What is the greatest common divisor of 869312 and 952?
136
What is the greatest common divisor of 9966 and 253?
11
Calculate the highest common factor of 62963 and 790.
79
Calculate the greatest common factor of 358678 and 262.
262
What is the greatest common divisor of 586151 and 269?
269
Calculate the highest common factor of 2171 and 247.
13
What is the highest common divisor of 362 and 212494?
362
Calculate the highest common factor of 4716 and 2016.
36
What is the greatest common divisor of 522 and 2378?
58
What is the greatest common factor of 43 and 5372979?
43
Calculate the highest common divisor of 8858 and 412.
206
Calculate the highest common factor of 1880 and 3260.
20
What is the greatest common divisor of 65 and 84565?
65
What is the greatest common divisor of 782 and 17?
17
Calculate the greatest common factor of 508 and 1556.
4
Calculate the highest common divisor of 6621 and 9.
3
Calculate the highest common divisor of 18 and 11676.
6
Calculate the highest common divisor of 439 and 511874.
439
What is the highest common divisor of 592 and 56272?
16
What is the greatest common divisor of 759 and 36443?
11
Calculate the greatest common factor of 75095 and 1610.
115
What is the greatest common factor of 32406 and 1254?
66
Calculate the highest common divisor of 88983 and 279.
9
What is the highest common factor of 76 and 2764?
4
Calculate the greatest common divisor of 3240 and 4712580.
1620
What is the highest common factor of 60 and 4440?
60
Calculate the greatest common divisor of 170450 and 1400.
350
Calculate the greatest common factor of 58378 and 8.
2
Calculate the highest common divisor of 180 and 294.
6
What is the highest common divisor of 689 and 16900?
13
What is the highest common divisor of 437253 and 12?
3
Calculate the greatest common factor of 1717 and 3077.
17
What is the highest common factor of 5064 and 144?
24
Calculate the greatest common factor of 26085 and 113220.
555
Calculate the greatest common divisor of 13664 and 6344.
488
What is the greatest common factor of 578 and 686953?
289
Calculate the greatest common divisor of 390789 and 1008.
63
What is the greatest common factor of 426423 and 6447?
921
Calculate the greatest common factor of 109538 and 2002.
286
What is the highest common divisor of 140 and 337860?
20
Calculate the highest common divisor of 13304 and 128.
8
What is the greatest common divisor of 72439 and 2031?
677
Calculate the greatest common factor of 731 and 16948235.
731
Calculate the greatest common divisor of 48 and 480900.
12
Calculate the highest common divisor of 486140 and 140.
20
Calculate the greatest common factor of 13815 and 3960.
45
Calculate the highest common divisor of 12132868 and 631.
631
What is the greatest common factor of 4095 and 693693?
819
What is the greatest common factor of 2338 and 103707?
167
Calculate the highest common divisor of 178794 and 105.
21
Calculate the greatest common divisor of 61420 and 90.
10
Calculate the highest common factor of 9044 and 221179.
133
What is the highest common divisor of 322 and 14434?
14
What is the highest common divisor of 31 and 286409?
31
Calculate the highest common factor of 13007610 and 42.
42
What is the greatest common factor of 63933 and 606?
303
Calculate the greatest common divisor of 30360 and 8625.
345
Calculate the highest common factor of 5379286 and 44.
22
Calculate the highest common factor of 2696 and 64.
8
Calculate the highest common divisor of 70389 and 1584.
99
What is the greatest common factor of 240 and 132?
12
What is the highest common divisor of 38847 and 690?
69
What is the greatest common divisor of 468 and 105471?
9
Calculate the greatest common factor of 3048 and 132.
12
What is the highest common divisor of 555 and 138660?
15
Calculate the greatest common factor of 299232 and 126.
18
Calculate the highest common divisor of 420379 and 524.
131
What is the greatest common factor of 8 and 730012?
4
What is the highest common factor of 261808 and 112?
16
What is the highest common divisor of 380169 and 477?
477
Calculate the greatest common divisor of 2451752 and 5480.
1096
Calculate the highest common divisor of 632 and 40053.
79
What is the highest common factor of 4075 and 250?
25
What is the greatest common factor of 4048 and 22517?
253
Calculate the greatest common factor of 3738 and 15397.
89
What is the highest common divisor of 4302 and 3346?
478
What is the greatest common factor of 231535 and 10?
5
Calculate the greatest common divisor of 217 and 1653788.
31
What is the highest common factor of 950 and 20368?
38
What is the greatest common factor of 232 and 20068?
116
What is the greatest common divisor of 10 and 179290?
10
Calculate the highest common factor of 39 and 3518203.
13
What is the greatest common divisor of 754 and 347594?
754
Calculate the greatest common factor of 6036 and 1832.
4
Calculate the greatest common factor of 1250352 and 4560.
912
Calculate the highest common divisor of 1084720 and 65.
65
What is the greatest common divisor of 534660 and 532?
532
What is the greatest common factor of 122500 and 22540?
980
What is the highest common divisor of 354 and 149919?
177
Calculate the highest common divisor of 5192 and 13728.
88
Calculate the highest common divisor of 549 and 5307.
183
What is the highest common divisor of 2356 and 13148?
76
What is the greatest common factor of 8016184 and 781?
781
What is the highest common factor of 5553 and 740400?
1851
Calculate the highest common factor of 66894 and 42.
6
Calculate the greatest common factor of 1258 and 1945497.
629
What is the greatest common divisor of 693 and 5553?
9
Calculate the highest common factor of 6321920 and 55.
55
Calculate the highest common divisor of 190 and 10.
10
Calculate the highest common factor of 18 and 452.
2
Calculate the highest common factor of 21534 and 74.
74
What is the highest common factor of 650 and 73190?
130
What is the highest common divisor of 266 and 6175?
19
What is the highest common factor of 26765 and 795?
265
What is the greatest common divisor of 1344 and 8764?
28
Calculate the highest common divisor of 560 and 7945.
35
What is the greatest common factor of 12519 and 6227?
13
What is the highest common divisor of 116548 and 112?
4
What is the greatest common divisor of 441 and 35091?
63
What is the highest common factor of 20703 and 3752?
67
Calculate the greatest common factor of 40 and 18472.
8
What is the greatest common divisor of 18 and 82359?
9
What is the greatest common divisor of 23 and 76199?
23
Calculate the highest common divisor of 136 and 24395.
17
Calculate the greatest common factor of 88 and 5788.
4
Calculate the highest common divisor of 924 and 17332.
28
Calculate the highest common divisor of 614948 and 188.
188
Calculate the greatest common divisor of 183639 and 123.
123
Calculate the greatest common factor of 147450 and 150.
150
Calcu